a composite number?
True
Is 554174 a composite number?
True
Is 26162653 a composite number?
True
Is 133752523 prime?
True
Is 377048801 a composite number?
False
Is 3541795 composite?
True
Is 55555427 composite?
True
Is 32405011 a prime number?
True
Is 237743899 a prime number?
True
Is 1214987 a prime number?
False
Is 176504117 prime?
True
Is 2721947 a composite number?
False
Is 182388641 prime?
True
Is 10985291 prime?
True
Is 4238149 a prime number?
True
Is 14684129 a composite number?
False
Is 25008541 a prime number?
False
Is 12734999 a composite number?
True
Is 5446271 prime?
True
Is 251042387 composite?
True
Is 15570869 a composite number?
False
Is 130082363 prime?
False
Is 34268903 a composite number?
False
Is 471110467 a prime number?
True
Is 3786989 prime?
True
Is 9359943 a composite number?
True
Is 328441 a prime number?
False
Is 634265509 a composite number?
True
Is 7319173 composite?
False
Is 6861557 a composite number?
True
Is 9488161 composite?
False
Is 9938711 a prime number?
False
Is 139903601 composite?
False
Is 2586154 a prime number?
False
Is 543278269 prime?
False
Is 16587041 a composite number?
False
Is 792469 a prime number?
False
Is 2964719 a composite number?
False
Is 143603441 composite?
True
Is 127317181 composite?
True
Is 100174699 composite?
True
Is 101086933 a prime number?
False
Is 177733 a prime number?
False
Is 1796413 a prime number?
True
Is 1393417 composite?
False
Is 1903703 a composite number?
False
Is 3194029 composite?
True
Is 59626667 composite?
True
Is 204105119 composite?
False
Is 731248529 a composite number?
True
Is 10347409 prime?
True
Is 39072169 prime?
False
Is 3597673 composite?
False
Is 9405389 a composite number?
True
Is 9154783 a prime number?
False
Is 134861338 composite?
True
Is 686531 prime?
False
Is 187268513 a composite number?
False
Is 104925565 composite?
True
Is 209681909 a prime number?
True
Is 132609313 prime?
True
Is 78973879 prime?
False
Is 162866189 a composite number?
False
Is 1148403 composite?
True
Is 72370007 prime?
True
Is 5817107 prime?
True
Is 1009213 composite?
True
Is 565428361 a prime number?
True
Is 65470623 a prime number?
False
Is 79423 a prime number?
True
Is 116037811 composite?
False
Is 89234597 prime?
True
Is 6607579 a prime number?
False
Is 5799637 composite?
False
Is 13484431 prime?
False
Is 3422269 prime?
False
Is 8254289 a prime number?
False
Is 10821989 composite?
False
Is 14092567 a composite number?
False
Is 2012447 a prime number?
True
Is 2151551 a prime number?
False
Is 251949 a prime number?
False
Is 4227721 a prime number?
False
Is 35949301 a prime number?
False
Is 890099 prime?
False
Is 14558017 prime?
True
Is 55026857 prime?
False
Is 26946043 a composite number?
False
Is 9884593 composite?
False
Is 9711409 a composite number?
True
Is 866899 a composite number?
True
Is 26120329 composite?
True
Is 4421213 a composite number?
False
Is 119298583 a prime number?
False
Is 13584371 prime?
False
Is 191111803 composite?
False
Is 583618901 prime?
True
Is 22130221 composite?
False
Is 21533222 prime?
False
Is 221833 prime?
False
Is 52363999 prime?
False
Is 799488281 a composite number?
False
Is 112215791 a composite number?
False
Is 94295147 a prime number?
False
Is 107971 a composite number?
False
Is 1524431 composite?
False
Is 835377 a composite number?
True
Is 3042799 a prime number?
False
Is 86083 a prime number?
True
Is 24787739 a composite number?
True
Is 6293563 composite?
True
Is 4030953 a prime number?
False
Is 1044192337 a composite number?
False
Is 29292953 a composite number?
True
Is 36445165 composite?
True
Is 74796907 a composite number?
False
Is 3656593 composite?
False
Is 114267739 composite?
False
Is 9143842 a composite number?
True
Is 2482977413 a prime number?
False
Is 1416845 a prime number?
False
Is 1458278 prime?
False
Is 879119 prime?
True
Is 69006869 prime?
True
Is 560837 a prime number?
True
Is 120443579 prime?
False
Is 56641993 a prime number?
False
Is 14633471 composite?
True
Is 914113 composite?
True
Is 153817 a prime number?
True
Is 180337357 a composite number?
False
Is 11822017 composite?
False
Is 15121 prime?
True
Is 17623741 a prime number?
True
Is 141962263 composite?
False
Is 2754109 a prime number?
True
Is 16200089 composite?
False
Is 167953 prime?
True
Is 6660021 a prime number?
False
Is 3896819 a prime number?
True
Is 880199 prime?
True
Is 14705039 prime?
True
Is 62766293 a prime number?
True
Is 8155101 prime?
False
Is 17967847 composite?
True
Is 144258611 a prime number?
False
Is 1493993 a prime number?
False
Is 108073 composite?
True
Is 16141253 prime?
False
Is 628372219 prime?
True
Is 140155423 composite?
False
Is 399988027 a prime number?
True
Is 780743 composite?
True
Is 351229 composite?
False
Is 5626457 composite?
True
Is 219632701 a prime number?
True
Is 4637189 a prime number?
True
Is 870622549 a prime number?
True
Is 7857971 prime?
False
Is 12476809 a composite number?
True
Is 216827341 prime?
True
Is 31967 a composite number?
True
Is 22141951 a composite number?
True
Is 52586351 a composite number?
False
Is 125089841 composite?
True
Is 2538478 a prime number?
False
Is 7418549 composite?
True
Is 35241133 a prime number?
False
Is 88350637 a prime number?
False
Is 53528473 composite?
False
Is 44898281 composite?
True
Is 11243599 a composite number?
True
Is 3226966 composite?
True
Is 180442757 a prime number?
False
Is 6758179 prime?
True
Is 151443187 a prime number?
False
Is 1492603 composite?
True
Is 3749063 a composite number?
True
Is 1517231 prime?
False
Is 292493567 a prime number?
True
Is 1086241 composite?
True
Is 2961493 a composite number?
True
Is 74463661 a prime number?
True
Is 10491493 a prime number?
True
Is 12071387 prime?
True
Is 20536423 a composite number?
True
Is 922466 a prime number?
False
Is 42406369 a prime number?
False
Is 121074295 a composite number?
True
Is 79181747 a composite number?
True
Is 92144401 prime?
True
Is 32848757 composite?
False
Is 38989 a prime number?
False
Is 2318711 a composite number?
False
Is 5207071 prime?
True
Is 1588387 prime?
True
Is 17480149 composite?
False
Is 194653 prime?
True
Is 20456818 composite?
True
Is 108527857 composite?
False
Is 44114791 prime?
False
Is 7797191 prime?
True
Is 818047 prime?
False
Is 41005849 composite?
True
Is 25809107 a composite number?
False
Is 26611913 composite?
True
Is 1481971 composite?
False
Is 71531071 a composite number?
False
Is 108983491 a composite number?
False
Is 592843 a composite number?
False
Is 9240667 a composite number?
False
Is 91216553 a prime number?
False
Is 63127549 a prime number?
True
Is 3085643 a prime number?
False
Is 35885893 a composite number?
True
Is 46576903 a prime number?
True
Is 24175487 a prime number?
False
Is 2720407 a composite number?
True
Is 813361 a composite number?
False
Is 2786033 a prime number?
False
Is 681119 a composite number?
True
Is 4242781 a composite number?
False
Is 1484407 prime?
True
Is 657123 prime?
False
Is 3840077 a composite number?
False
Is 299517 prime?
False
Is 11680961 a prime number?
True
Is 440018 prime?
False
Is 10662083 composite?
False
Is 1406786 composite?
True
Is 314930671 a prime number?
False
Is 354387911 a composite number?
True
Is 2307679 prime?
False
Is 183548899 composite?
True
Is 4232883 a prime number?
False
Is 150701779 a prime number?
False
Is 7979569 prime?
False
Is 140916167 composite?
True
Is 3211517 prime?
True
Is 114031 composite?
False
Is 92222269 prime?
True
Is 34122849 a prime number?
False
Is 661273 a prime number?
False
Is 5708833 prime?
False
Is 11434589 a composite number?
False
Is 5116481 composite?
True
Is 5115133 a prime number?
True
Is 5720321 composite?
False
Is 3807989 a composite number?
True
Is 1245883 a composite number?
False
Is 62570561 a prime number?
False
Is 2557777 composite?
False
Is 8174165 a prime number?
False
Is 6360247 a composite number?
False
Is 267688793 a composite number?
False
Is 1287101 prime?
True
Is 1281623 a prime number?
False
Is 436399 prime?
True
Is 3132499 a composite number?
False
Is 75448189 composite?
False
Is 6199923 a prime number?
False
Is 3599059 prime?
False
Is 38778239 prime?
True
Is 4882019 a composite number?
False
Is 8084207 a composite number?
False
Is 453269 a composite number?
False
Is 268678093 c